he remainder when 408 is divided by 62.
36
Calculate the remainder when 265 is divided by 51.
10
What is the remainder when 168 is divided by 72?
24
What is the remainder when 155 is divided by 41?
32
Calculate the remainder when 225 is divided by 71.
12
What is the remainder when 56143 is divided by 15?
13
Calculate the remainder when 36 is divided by 32.
4
What is the remainder when 563 is divided by 47?
46
Calculate the remainder when 489 is divided by 4.
1
Calculate the remainder when 139 is divided by 28.
27
What is the remainder when 123 is divided by 56?
11
What is the remainder when 200 is divided by 79?
42
What is the remainder when 126 is divided by 20?
6
Calculate the remainder when 532 is divided by 37.
14
Calculate the remainder when 47 is divided by 16.
15
Calculate the remainder when 1611 is divided by 62.
61
Calculate the remainder when 159 is divided by 54.
51
What is the remainder when 43 is divided by 27?
16
Calculate the remainder when 127 is divided by 61.
5
Calculate the remainder when 404 is divided by 46.
36
What is the remainder when 410 is divided by 139?
132
Calculate the remainder when 604 is divided by 100.
4
Calculate the remainder when 908 is divided by 35.
33
Calculate the remainder when 19603 is divided by 169.
168
What is the remainder when 3119 is divided by 223?
220
What is the remainder when 1392 is divided by 17?
15
Calculate the remainder when 125 is divided by 22.
15
What is the remainder when 693 is divided by 236?
221
Calculate the remainder when 27449 is divided by 305.
304
Calculate the remainder when 205 is divided by 46.
21
Calculate the remainder when 2057 is divided by 146.
13
What is the remainder when 63 is divided by 22?
19
What is the remainder when 446 is divided by 18?
14
What is the remainder when 85699 is divided by 100?
99
What is the remainder when 2467 is divided by 491?
12
Calculate the remainder when 514 is divided by 171.
1
Calculate the remainder when 3162 is divided by 198.
192
Calculate the remainder when 9743 is divided by 203.
202
What is the remainder when 52 is divided by 9?
7
Calculate the remainder when 250 is divided by 65.
55
What is the remainder when 268 is divided by 64?
12
What is the remainder when 425 is divided by 16?
9
Calculate the remainder when 100 is divided by 35.
30
Calculate the remainder when 1940 is divided by 644.
8
Calculate the remainder when 1756 is divided by 160.
156
Calculate the remainder when 70 is divided by 27.
16
Calculate the remainder when 5878 is divided by 8.
6
Calculate the remainder when 265 is divided by 74.
43
What is the remainder when 186 is divided by 46?
2
What is the remainder when 5525 is divided by 64?
21
Calculate the remainder when 671 is divided by 52.
47
Calculate the remainder when 369 is divided by 153.
63
Calculate the remainder when 356 is divided by 3.
2
Calculate the remainder when 145 is divided by 25.
20
Calculate the remainder when 2595 is divided by 52.
47
What is the remainder when 694 is divided by 172?
6
Calculate the remainder when 408 is divided by 5.
3
Calculate the remainder when 1708 is divided by 38.
36
Calculate the remainder when 850 is divided by 48.
34
Calculate the remainder when 239 is divided by 57.
11
Calculate the remainder when 29 is divided by 17.
12
What is the remainder when 2523 is divided by 284?
251
Calculate the remainder when 201 is divided by 6.
3
Calculate the remainder when 394 is divided by 99.
97
What is the remainder when 518 is divided by 20?
18
What is the remainder when 1454 is divided by 10?
4
What is the remainder when 2359 is divided by 60?
19
Calculate the remainder when 320 is divided by 18.
14
What is the remainder when 936 is divided by 331?
274
Calculate the remainder when 347 is divided by 65.
22
Calculate the remainder when 82 is divided by 12.
10
What is the remainder when 40 is divided by 16?
8
What is the remainder when 388 is divided by 83?
56
Calculate the remainder when 275 is divided by 47.
40
What is the remainder when 26 is divided by 2?
0
What is the remainder when 1883 is divided by 627?
2
Calculate the remainder when 246 is divided by 56.
22
Calculate the remainder when 123 is divided by 18.
15
What is the remainder when 1016 is divided by 67?
11
Calculate the remainder when 643 is divided by 19.
16
What is the remainder when 148 is divided by 26?
18
Calculate the remainder when 159 is divided by 18.
15
What is the remainder when 89 is divided by 78?
11
Calculate the remainder when 351 is divided by 89.
84
What is the remainder when 4213 is divided by 201?
193
Calculate the remainder when 149 is divided by 79.
70
What is the remainder when 839 is divided by 253?
80
Calculate the remainder when 105 is divided by 103.
2
What is the remainder when 518 is divided by 243?
32
Calculate the remainder when 610 is divided by 154.
148
Calculate the remainder when 167 is divided by 46.
29
Calculate the remainder when 149 is divided by 51.
47
What is the remainder when 384 is divided by 123?
15
What is the remainder when 222 is divided by 68?
18
What is the remainder when 434 is divided by 162?
110
What is the remainder when 1235 is divided by 103?
102
What is the remainder when 126 is divided by 16?
14
What is the remainder when 2362 is divided by 26?
22
What is the remainder when 85 is divided by 10?
5
What is the remainder when 64 is divided by 19?
7
Calculate the remainder when 990 is divided by 156.
54
Calculate the remainder when 138 is divided by 8.
2
What is the remainder when 705 is divided by 198?
111
Calculate the remainder when 77 is divided by 19.
1
Calculate the remainder when 62 is divided by 21.
20
What is the remainder when 90 is divided by 4?
2
Calculate the remainder when 44 is divided by 16.
12
Calculate the remainder when 2105 is divided by 151.
142
What is the remainder when 200 is divided by 29?
26
Calculate the remainder when 9190 is divided by 7.
6
What is the remainder when 754 is divided by 247?
13
What is the remainder when 243 is divided by 13?
9
What is the remainder when 9829 is divided by 29?
27
Calculate the remainder when 126 is divided by 10.
6
What is the remainder when 2589 is divided by 859?
12
What is the remainder when 2625 is divided by 37?
35
What is the remainder when 1348 is divided by 27?
25
What is the remainder when 120 is divided by 9?
3
Calculate the remainder when 690 is divided by 228.
6
What is the remainder when 79 is divided by 48?
31
What is the remainder when 1474 is divided by 489?
7
What is the remainder when 730 is divided by 15?
10
Calculate the remainder when 179 is divided by 46.
41
Calculate the remainder when 421 is divided by 49.
29
What is the remainder when 60 is divided by 2?
0
What is the remainder when 1846 is divided by 84?
82
Calculate the remainder when 7227 is divided by 30.
27
What is the remainder when 1478 is divided by 83?
67
What is the remainder when 369 is divided by 74?
73
What is the remainder when 828 is divided by 46?
0
What is the remainder when 216 is divided by 132?
84
Calculate the remainder when 218 is divided by 32.
26
What is the remainder when 284 is divided by 64?
28
What is the remainder when 2506 is divided by 66?
64
What is the remainder when 953 is divided by 404?
145
What is the remainder when 1062 is divided by 25?
12
What is the remainder when 590 is divided by 152?
134
What is the remainder when 593 is divided by 55?
43
What is the remainder when 318 is divided by 54?
48
What is the remainder when 226 is divided by 114?
112
Calculate the remainder when 57 is divided by 8.
1
Calculate the remainder when 565 is divided by 81.
79
Calculate the remainder when 239 is divided by 63.
50
Calculate the remainder when 799 is divided by 20.
19
What is the remainder when 250 is divided by 64?
58
Calculate the remainder when 1379 is divided by 1368.
11
Calculate the remainder when 464 is divided by 71.
38
What is the remainder when 795 is divided by 146?
65
Calculate the remainder when 1002 is divided by 258.
228
What is the remainder when 1618 is divided by 54?
52
What is the remainder when 1034 is divided by 16?
10
What is the remainder when 20907 is divided by 255?
252
What is the remainder when 492 is divided by 38?
36
Calculate the remainder when 17 is divided by 2.
1
What